) + (7 - 27).
-31
What is the value of 48 - (-20 + 11) - 17?
40
Calculate -23 - (-22 + 27 + -9 - 55).
36
What is the value of (30 + (-58 - -31) - 42) + 4?
-35
What is the value of -37 - -2 - -3 - (374 - 344)?
-62
What is -11 - (-5 - (-4 - 7) - ((4 - 34) + -13))?
-60
What is the value of (-2 - (7 - (-3 - (3 + -9)))) + 3666 + -3664?
-4
Calculate (2 - 4) + (2 - -2 - (3 - (46 + -11))).
34
What is 8 - -19 - 18 - 10 - -17?
16
What is (-31 + 0 - -2) + (83 - -56) + -123?
-13
Evaluate 21 - -21 - (-35 - (-18 + 45)).
104
What is -17 + (-2 - -3) + (-31 - -88)?
41
Evaluate (36 - 45 - (5 + -3 + -6)) + 13 - -97.
105
-1 + 28 + (-416 - -368)
-21
Evaluate 4 + (-3 + 8 - 2) - (82 - (137 + 59)).
121
7 - ((-175 - -157) + 0 + -17)
42
What is -3 + (12 - 5 - (6 + 13))?
-15
Evaluate -2 - (5 + -6 - -8) - -10 - 11 - 63.
-73
-17 + (46 - 44) + (2 + -39 - 2)
-54
What is the value of -10 - -15 - -39 - 35 - 19?
-10
Calculate -44 + 72 + 1 + -73.
-44
What is the value of -1 - 102 - (297 - 381)?
-19
What is 12 - (20 - (-45 - (-20 - (-21 + 21))))?
-33
(-9 - (23 - (-14 - -32))) + 1 + 2
-11
-26 + 95 + 5 - 141
-67
What is the value of -8 - (-7 + -28) - -2 - 105?
-76
What is the value of 413 - 484 - (-84 + 5)?
8
Calculate -28 - (87 + -9 - (-35 - -57)).
-84
What is the value of 416 + -391 + (11 - 8) + 27?
55
-41 + (-4 - 28 - -56)
-17
Evaluate (99 - 55) + -83 + 23.
-16
(-22 - -24 - -26) + -41 - 27
-40
33 + (0 - -1) - (-135 + (338 - 193))
24
(-12 - (-3 - 6)) + -16 + 31 + 21
33
What is the value of ((6 - 2) + 1 - (15 + -14)) + 83 + -46?
41
-24 + -2 - (2317 - 2369)
26
Calculate (3 - 3) + 21 + (2 + -51 - -37).
9
What is 130 - (-19 - (42 - (87 - -23)))?
81
What is the value of -48 + (-85 - -128) + -1 + -94?
-100
Calculate 1 + 37 + -45 + -10.
-17
What is (9 - (86 - 124)) + -130?
-83
Calculate 1 + -7 - (-41 + -12 + 37).
10
Evaluate -9 + 17 + (-17 - -12) + -14.
-11
What is 2 + -4 + (-2 - -36 - (-7 - -20))?
19
7 + (-9 - -1 - (-118 + 107)) - (11 - 75)
74
Evaluate -8 + (582 + -441 - (-4 - (-13 + (3 - 0)))).
127
Calculate 47 + (-8 - 9 - 33).
-3
(-2 - 17) + 10 + 95 + -87
-1
(-4 + -11 + 2 - (-8 - 5)) + 0
0
Calculate -7 + (-1576 - -1540) + 1 + -3.
-45
5 + (-31 - (-3 + 4 + 15 + (0 - 5)))
-37
(-4 - (35 - -1)) + (18 - (10 - 1))
-31
(99 - 48) + 18 - 46
23
What is -105 - (-15 + -67) - 22?
-45
Calculate -1 - -3 - (-32 - (-45 + 15 + 43)).
47
77 - (95 + -11 + -65)
58
1995 + -2051 - (-2 - (-33 - 0))
-87
31 + -27 - -9 - 13
0
Calculate -4 - (46 + -36 - (13 - 24)).
-25
What is the value of 19 + -3 + -31 - 11 - (0 + (2 - -1))?
-29
Calculate -29 - (-59 + 68 + -26 + -1).
-11
What is the value of (14 - (-290 + 289 + -11 + 1)) + -9 + 13?
29
Evaluate 30 + -25 + (3 - ((-22 - -11) + 8)) - 108.
-97
-17 + (-10 - (3 - 0) - (-557 - -510))
17
15 - (38 - (1 + -4 + (5 - -12)))
-9
Evaluate 23 - (3 - -26) - (3 + (2 - (2 - -2))).
-7
What is -119 + -77 + 366 + -98?
72
What is (15 + -14 + 1 - -5) + 2 + -55?
-46
Calculate 18 + -7 + -4 + 1 - 30.
-22
Evaluate 10 + -3 - (-7 + (25 - (2 + 10) - -61)).
-60
Evaluate (-4 + (7 - 7) + 4 - 11) + -15.
-26
Calculate (-4 - (-4 + -1)) + -18 + 59 + -37.
5
What is 28 + (52 - 27) + 8 + -30?
31
What is the value of 93 + (-10 - 5) + -28 + 3 + 9?
62
What is the value of -1 + 1 + 40 - (-16 + -1 + 13)?
44
What is -15 + (-6 - (-24 + 64))?
-61
123 - (-4 + 27) - 52
48
Calculate (0 - 2) + -4 - -1 - (-81 - (-90 + 48)).
34
What is 129 - 141 - (-1 - -15)?
-26
What is the value of 115 - (25 + (-35 - (25 + -12 - 16)))?
122
Calculate -82 - (-6 + 18 + -3 + 0 + -11 + -5).
-75
What is the value of (46 - (3 - -39)) + (-2 - 0) + -107?
-105
Evaluate (-3 - (0 - 5)) + -104 - (18684 + -18670).
-116
Calculate (0 - (-3 - -1)) + -16 - (-14287 - -14296).
-23
Evaluate 887 + -843 + (15 - 0) + -2.
57
Evaluate 8 + 18 + -38 + -22 + -9 + 8.
-35
What is the value of -13 - (-66 - -56) - (-8 - -1) - (0 + 44)?
-40
Calculate -1 - -79 - (-136 + (-17 - -143)).
88
Evaluate (8 - 1) + (-169 - -214) - 15.
37
Calculate -151 + (-65 - -98) + 59.
-59
(-3 - -13 - -39) + -22 + 34
61
45 - (-43 - -73 - 52)
67
What is the value of -9 + (33 - 13) - 8 - 14 - -36?
25
What is -4 + -38 + 46 + -22?
-18
Evaluate (31 + (-36 - 21) - -1) + 102.
77
Evaluate 92 - (-23 - (18 - (0 - 5))).
138
Calculate -108 + 54 + 36 + (-77 - 0) + 3.
-92
Calculate 0 + -2 + (-13 - (1 - 36 - (-56 + 43))).
7
What is the value of 1 - (5 + -12 + -3 + 10) - -7?
8
-65 + 5 + (6 - (8 + 0)) + -4 + -1
-67
(-15 - 0) + -1823 + 1831
-7
What is the value of (2 - -28) + 10 - ((3 - (-2 - -2)) + 7)?
30
Evaluate -12 + 34 + -5 - (-75 - -63).
29
Calculate 2093 + -2057 + (-2 - (-3 - -2)) + -7.
28
15 + (3 + -3 + 16 - (-48 - -50))
29
What is -18 + -1 + (768 + -700 - (0 - -59))?
-10
What is 0 + -13 - (7 + -39 - (-93 + 57))?
-17
Calculate 2 + 97 + (3080 - 3179).
0
Calculate 43 - (-20 + (103 - 96 - (-1 + 11)) + 14).
52
What is (0 - 2) + (-31 - -52) - (5 + -8)?
22
What is the value of 32 + (10 - 65 - -19) - (-103 - (-3 + 1))?
97
Evaluate (-14 + 5 - 1) + (19 - (17 + 4)).
-12
What is 1 + 0 + -1 + (11 - 7 - 21)?
-17
What is -3 - (-2 - (62 + -4)) - ((-67 - 14) + 83)?
55
What is the value of (2 - 4) + -11 + 15 + -8 + -33?
-39
Evaluate 29 + (-10 + 9 - 7 - -4 - -4 - 0).
29
Calculate (-71 - (-27 + 41)) + (8 - (1 + -7)) + -5.
-76
What is 4 + (3 - (-8 + 9)) + -12 + -28?
-34
((20 - 32) + 63 - 3) + -22 + 10
36
What is the value of (-9 - 13) + 56 + 3?
37
What is 6 + -60 - (-848 - -673)?
121
-2115 + 2101 + (3 + (-1 - 0) + -3 - 9)
-24
(64 - -6) + -8 + -75
-13
Calculate -10181 + 10202 - (1 - (2 + 1)).
23
-4 + 5 + (0 + 3 + 12 - 7)
9
Evaluate (-1 - 18) + (-97 - -145).
29
Calculate -108 - -91 - (-158 + 61).
80
Evaluate (-9 - (0 + 7 + (16 - 42))) + -44.
-34
(109 - 1) + (-144 - 83 - -238)
119
What is (8 - (-31 + 13 - -60)) + 1 + 0 + -3?
-36
What is (825 - 806 - (-15 - 1)) + (-19 - -1)?
17
What is -41 + -4 + -1 + 0 + (95 - 66) + -26?
-43
Evaluate 82 + -45 - 36 - (9 + -1).
-7
Evaluate -66 + 114 - (14 + -6).
40
What is the value of -4 + (10 + -7 - 21 - -13)?
-9
What is 31 + -127 + 76 + 35?
15
Calculate ((-26 - 1) + -74 + 54 - 14) + 4.
-57
104 + -71 - ((4 - 4) + 104)
-71
What is the value of (31 - (-23 + 25 + 22)) + (2 - 14)?
-5
What is the value of (-43 + 128 - 102) + (-6 - -1)?
-22
What is the value of 1 + (-1 - -7 - 2) + -9?
-4
What is the value of 850 - 788 - (2 - 0) - 25?
35
(16 - 17) + 2 + -9 + 5 - (-4 - -88)
-87
What is the value of (38 - -2) + 19 + -29 + 15?
45
What is the value of (-311 - -230) + (1 - -15 - (-8 - -8))?
-65
(-23 - 2) + (-11 + -8 + 22 - 11)
-33
(-19 - (28 + -31)) + (7 - (-5 - -11))
-15
What is (18 - (90 - 172)) + -102?
-2
-14 + 4 + -9 + (326 - 157)
150
Evaluate -32 - 3 - (-256 + 253).
-32
What is 4 + ((-5 - 62) + (40 - 26) - -9) - 14?
-54
What is -39 - -71 - 10 - -4?
26
What is 65 + -47 + -13 - 20?
-15
What is the value of -14 + -14 + 54 + 7?
33
Calculate (-8 - (-1 - 10 - (34 + -45))) + 50.
42
Evaluate 31 + -29 + 10 + -1 - ((21 - -29) + -13).
-26
-55 + (8 + 7 + -15 - (1 - (-1 + -8)))
-65
What is the value of (-9 + 15 - (89 - (-40 + 14))) + 15 + -2?
-96
Calculate 67 - (-37 - 21) - 40.
85
What is 12 + 0 - ((-33 - -8) + 35)?
2
What is (1 + -6 - -15) + 17 + -85?
-58
What is the value of ((4 - 1 - (34 - 19)) + 8 - 4) + 92?
84
-7 + 0 - (21 - (-18 + 29 - -79))
62
Calculate -22 + (-21 - -11 - 6) + 30.
-8
Evaluate 10 + 1 + (41 - (11 - -29)) + 0 + 2.
14
What is 14 + 20 + 10 + -26 - (2 - -2 - 0)?
14
0 + -5 - (38 + -14 + 11 + -40)
0
What is -18 + -20 + 25 + -10 + 42?
19
-3 - (11 - 39 - (24 + -34))
15
What is 1 + 3 - -61 - (171 - 142)?
36
-49 + (-74 - -164) + -63
-22
What is 15 + -12 + -1 + 49 + (-42 + 16 - -29)?
54
-2 - 7 - (-2307 + 2282)
16
What is (-58 - -87) + -75 + 21 + 0?
-25
What is the value of 3 + -37 + 2 - (156 + -157 + (8 - -1))?
-40
-15 + 6 + 7 + 6 + -4 - (1 - 97)
96
Evaluate 25 + (-57 + 2 - (-212 + 166)).
16
Calculate 33 + -62 + 60 + -8.
23
What is the value of -22 + -2 + (165 - (-36 - -183))?
-6
Evaluate (8 - 13) + (9 - 6) + -6 + 14 + 3.
9
What is -173 - (119 - 279) - (1 - 3 - -1 - 35)?
23
What is -30 - (35 + (25 + -40 - 144))?
94
What is the value of (-8 + 2 - (-6 - -15 - -1 - 12)) + 14?
10
What is 7 + 2 + -10 + -52 - -5 - (-5 + 7)?
-50
-23 - -47 - (12 - 20 - (-9 - 40))
-17
What is 30 - (17 - 36 - (-26 + -5))?
18
Evaluate -46 - (38 + (-44 - 49) - -6).
3
What is 3 - (-15 - -18 - (0 + -1 + -25 - 7))?
-33
-4